60
In base 4, what is -11 - 1221123?
-1221200
In base 4, what is 0 - -2200000221?
2200000221
In base 7, what is -11341 + -125?
-11466
In base 12, what is 0 - 50901?
-50901
In base 15, what is -201 - -b9?
-137
In base 7, what is 611422 + 1?
611423
In base 7, what is -2 - 63411?
-63413
In base 2, what is -1 - -1000011110101001011?
1000011110101001010
In base 8, what is 3021 + 1250?
4271
In base 13, what is -5 + 2764?
275c
In base 6, what is 30 + 123512?
123542
In base 10, what is 493 + 203?
696
In base 8, what is -2321 + 20?
-2301
In base 5, what is 41322113 - 0?
41322113
In base 5, what is -11 + 144?
133
In base 4, what is -120 - 1113?
-1233
In base 7, what is 16336 + 11?
16350
In base 14, what is 62bb - 2?
62b9
In base 7, what is -4 + -345632?
-345636
In base 4, what is 1 + -23203301?
-23203300
In base 16, what is 479 - 12a?
34f
In base 4, what is -22130 + -3?
-22133
In base 3, what is -1102222 + -2021120?
-10201112
In base 10, what is 1 + -2820?
-2819
In base 2, what is 1100111 - -101100111?
111001110
In base 15, what is -21 - -4c1?
4a0
In base 14, what is 3 - -4148?
414b
In base 8, what is -3 + -123607?
-123612
In base 15, what is -d237 + 1?
-d236
In base 2, what is -1111101001000 + -111?
-1111101001111
In base 6, what is -2 + -234352?
-234354
In base 2, what is 100010110010011100 - 10011?
100010110010001001
In base 9, what is -2 - -240817?
240815
In base 14, what is 1137 + 30?
1167
In base 2, what is 0 - -100110111101100?
100110111101100
In base 16, what is 0 + -23dd?
-23dd
In base 14, what is -ba79 - 5?
-ba80
In base 4, what is -12 - 2201222?
-2201300
In base 4, what is 1 + -21001211?
-21001210
In base 4, what is 11202120 + 0?
11202120
In base 5, what is 21 + 21243?
21314
In base 14, what is 4 + b5c9?
b5cd
In base 8, what is -12 + 36772?
36760
In base 7, what is 2335 - 5363?
-3025
In base 8, what is 36531 - -1?
36532
In base 6, what is -451353 - 10?
-451403
In base 16, what is -1984 + 8?
-197c
In base 14, what is -14bb8 - -a?
-14bac
In base 8, what is -70315 - -3?
-70312
In base 4, what is 12032 - -101?
12133
In base 11, what is 508 - -3604?
4011
In base 6, what is 0 - -352543?
352543
In base 12, what is 54 - 32380?
-32328
In base 4, what is -2 - 33102031?
-33102033
In base 2, what is -10111111001111101010100 - 0?
-10111111001111101010100
In base 2, what is -10000010 - 110110111?
-1000111001
In base 16, what is -4 - -1eec4?
1eec0
In base 16, what is 4 + -61b?
-617
In base 5, what is 2240 + -42021?
-34231
In base 5, what is 1 - 2002223?
-2002222
In base 3, what is 2110020 - 2022?
2100221
In base 16, what is 5c3 - -34?
5f7
In base 12, what is -1842 + -518?
-215a
In base 14, what is -991 - -bc0?
22d
In base 16, what is 34f1 + 5?
34f6
In base 15, what is -e36c - 1?
-e36d
In base 13, what is 4 - -13061?
13065
In base 6, what is 2 + 35212400?
35212402
In base 7, what is 153625 + -345?
153250
In base 7, what is 31631 - -210?
32141
In base 16, what is 4 + -4e1d?
-4e19
In base 7, what is -1431500 + 0?
-1431500
In base 3, what is 20200102002 + -11?
20200101221
In base 11, what is -3382449 + 5?
-3382444
In base 14, what is bd77 + -21?
bd56
In base 5, what is 0 + -201203?
-201203
In base 8, what is 25657 + 137?
26016
In base 3, what is 102 - -20112012?
20112121
In base 7, what is -14 + 31636?
31622
In base 13, what is -2894c - -38?
-28914
In base 5, what is -1213142 + -2?
-1213144
In base 2, what is -1 + 111111111001001?
111111111001000
In base 10, what is 36896 + 1?
36897
In base 12, what is -8519 - 14?
-8531
In base 7, what is 5 + 212606?
212614
In base 8, what is -41 + 610?
547
In base 7, what is -5 - -6402064?
6402056
In base 15, what is 28 + 2137?
2160
In base 6, what is 3 + 1434353?
1434400
In base 7, what is 100160 + -2?
100155
In base 14, what is -12d - -226?
d7
In base 14, what is 4b + -cccb?
-cc80
In base 6, what is 2 + 1230521?
1230523
In base 15, what is 4 - 198d3a?
-198d36
In base 3, what is 1220100112 + -10121?
1220012221
In base 2, what is 100100011101011 + 10001110?
100100101111001
In base 9, what is 237 + -144?
83
In base 10, what is 173 - -6393?
6566
In base 4, what is 223 + 13103012?
13103301
In base 3, what is -2212 - -2210220?
2201001
In base 5, what is 223140 + 3?
223143
In base 8, what is 345 - 1751?
-1404
In base 5, what is 11041031 + 4?
11041040
In base 16, what is 554 - -21?
575
In base 11, what is -120823 + 12?
-120811
In base 11, what is -1 - -17978?
17977
In base 4, what is -10333112 + 1?
-10333111
In base 13, what is 2ca - 50a?
-210
In base 16, what is -d0 - 67?
-137
In base 13, what is 25bca - 3?
25bc7
In base 15, what is 1193 - -a5?
1248
In base 12, what is -a8b - -6?
-a85
In base 6, what is 211 + 102213?
102424
In base 12, what is 310 + -193?
139
In base 10, what is 10 - -9358?
9368
In base 8, what is -30337 - 10?
-30347
In base 3, what is -10010 - -102011122?
102001112
In base 9, what is -20 + 2353?
2333
In base 15, what is 15 + -e09?
-de4
In base 8, what is -10646236 + -5?
-10646243
In base 5, what is 120044 - -3?
120102
In base 2, what is 11 + -1100001011011?
-1100001011000
In base 6, what is 2342 - -2?
2344
In base 5, what is 2 - -3130310?
3130312
In base 7, what is -23 - 645?
-1001
In base 2, what is -10101 - -11111101?
11101000
In base 13, what is 3 + -1b0224?
-1b0221
In base 3, what is 11 + -1001001102210?
-1001001102122
In base 7, what is -31106014 - 2?
-31106016
In base 8, what is -2 - 130774?
-130776
In base 8, what is 53177 + -5?
53172
In base 3, what is 22 - 121122022?
-121122000
In base 8, what is 32234 - 212?
32022
In base 13, what is 44b93 - 3?
44b90
In base 4, what is 2023 + 112203?
120232
In base 14, what is -8779 - b?
-8786
In base 13, what is 88 + -721?
-666
In base 8, what is -2402603 + 5?
-2402576
In base 7, what is -5 + -122604?
-122612
In base 5, what is -3341410 + 4?
-3341401
In base 14, what is 7c9 + 19?
804
In base 16, what is -6ed - -37?
-6b6
In base 7, what is -1 + -125231?
-125232
In base 16, what is 82e97 - -2?
82e99
In base 4, what is -1310100 + -11?
-1310111
In base 11, what is 4 - 29024?
-29020
In base 8, what is -1 + 35017?
35016
In base 10, what is -3 + -245970?
-245973
In base 16, what is 0 - -24dfb?
24dfb
In base 6, what is 15 + -433544?
-433525
In base 2, what is 10110010011001011100 - -101?
10110010011001100001
In base 8, what is -4666 - 6?
-4674
In base 14, what is 26bc + -3?
26b9
In base 7, what is 44156 - -2?
44161
In base 11, what is 14 - 5666?
-5652
In base 11, what is 67604 - -7?
67610
In base 6, what is 3104 - 11?
3053
In base 4, what is -10 + 2030120?
2030110
In base 7, what is 426 - -1020?
1446
In base 16, what is 1 + -35ce?
-35cd
In base 12, what is -a721 - 38?
-a759
In base 9, what is 1182311 + 5?
1182316
In base 14, what is -39 - 64?
-9d
In base 5, what is 24 - 4304121?
-4304042
In base 4, what is 10121121 + 12?
10121133
In base 7, what is -1515245 + 1?
-1515244
In base 7, what is 66550 - -13?
66563
In base 10, what is 24638 - 5?
24633
In base 5, what is 10 - 133114?
-133104
In base 3, what is -2022211120 - -1?
-2022211112
In base 6, what is -4 - -340411?
340403
In base 9, what is 3 - 153321?
-153317
In base 9, what is 4 - -26380?
26384
In base 10, what is -20 - 15505?
-15525
In base 5, what is 42142403 - 4?
42142344
In base 10, what is 621535 + -2?
621533
In base 16, what is -143 - 2d?
-170
In base 7, what is 33321 + -54?
33234
In base 2, what is 1 - 1100110100000001011?
-1100110100000001010
In base 9, what is -250 + -3137?
-3387
In base 4, what is 13132 + -2033?
11033
In base 5, what is -4 - 42413?
-42422
In base 14, what is -3cd + -42?
-431
In base 4, what is -10030223211 - -2?
-10030223203
In base 15, what is 4d87 - 16?
4d71
In base 7, what is 4414546 + -2?
4414544
In base 13, what is 5 - c8460?
-c8458
In base 10, what is 115 - 2416?
-2301
In base 16, what is 2bbc8 - 2?
2bbc6
In base 7, what is 444032 - -2?
444034
In base 12, what is 152 + 55?
1a7
In base 11, what is 21566 + -4?
21562
In base 3, what is 101221 + -10100211?
-2221220
In base 15, what is 5 - 634c0?
-634ba
In base 8, what is -213 - 4266?
-4501
In base 11, what is -197 + 23?
-174
In base 13, what is -b481 + -3?
-b484
In base 4, what is -132133 + 2201?
-123332
In base 16, what is 2 + 6acc?
6ace
In base 14, what is 0 + -6895?
-6895
In base 3, what is 1100 + -10202002000?
-10202000200
In base 4, what 